*q**2 + 11*q - 5. List the prime factors of p(6).
277
List the prime factors of 4617 - (0 + -13) - 4.
2, 3, 257
Let g be 5/(-4) + (-14)/(-56) + -3. Let a(u) = -2*u**3 - 4*u**2 + u - 9. What are the prime factors of a(g)?
3, 17
Let t = -25 + 27. Suppose -t*v = -2, x = -0*x + 5*v + 99. What are the prime factors of x?
2, 13
Let v be 3*(52/(-3) + 3). Let j = v - -79. Let u = -6 + j. List the prime factors of u.
2, 3, 5
Suppose 8*f - 13212 = -4052. What are the prime factors of f?
5, 229
Suppose 4*b = 2*b - 4*x + 318, 3*x + 486 = 3*b. Suppose -5*t = f - 361, -f - 62 - b = -3*t. List the prime factors of t.
73
Suppose 1347 = 3*y + 3*o, -2*o - 1802 = -y - 3*y. List the prime factors of y.
2, 3, 5
Let c(b) = 12*b + 38. What are the prime factors of c(6)?
2, 5, 11
Let l = 21 + -15. Suppose -100 = -l*a + 68. Suppose 0 = 2*x - 5*f - 2, -5*x - 4*f + a = -5*f. What are the prime factors of x?
2, 3
Suppose 4*c + 14 = 34, -b + 62 = -3*c. Let n = -53 + b. List the prime factors of n.
2, 3
Let s = 27 - 22. Suppose i - 2*i = -3*z + 220, -z + s*i + 78 = 0. List the prime factors of z.
73
Suppose -c + 5*n + 515 = 4*c, -3*n + 99 = c. Suppose 4*f = 6*f - c. List the prime factors of f.
3, 17
Let c(w) = -54*w - 95. List the prime factors of c(-12).
7, 79
Suppose -27*n + 7*n + 56800 = 0. List the prime factors of n.
2, 5, 71
Let q = -157 - -679. Suppose 5*o - 7*o = -q. List the prime factors of o.
3, 29
Suppose z - 4404 = 3*d, -3*z - 434*d + 438*d = -13227. What are the prime factors of z?
3, 1471
Let o = -62 + 66. Suppose 0 = -w + 1 - o, -4*q - 4*w = -556. List the prime factors of q.
2, 71
Suppose 30*b + 1272 = 24*b. Let j = b - -444. List the prime factors of j.
2, 29
Let k(n) = 7*n**3 + 3*n**2 - 3*n - 2. Let m(x) = -3*x**3 - 2*x**2 + x + 1. Let z(h) = 2*k(h) + 5*m(h). List the prime factors of z(-4).
5
Let u(x) = 19*x**3 - 25*x**2 + 19*x - 15. Let c(o) = 4*o**3 - 5*o**2 + 4*o - 3. Let y(a) = 11*c(a) - 2*u(a). List the prime factors of y(3).
2, 3, 11
Let i(s) = -s**2 - 15*s - 6. Let l = 5 + 14. Suppose -36 = 5*d + l. What are the prime factors of i(d)?
2, 19
Let n be (-23)/(2 + (-1)/1). Let z = 75 - n. What are the prime factors of z?
2, 7
Let y = -5 + 5. Suppose y = -6*i - 368 - 454. What are the prime factors of 24/56 + i/(-7)?
2, 5
Let f = 11104 + -5719. List the prime factors of f.
3, 5, 359
Let s = 29 + 15. Let v = 77 - s. What are the prime factors of v?
3, 11
Let q(b) = -b + 12. Let f be q(7). Suppose -153 = -2*u - 0*p + 3*p, 5*u - 390 = f*p. What are the prime factors of u?
3
Let q be (-7)/35 + (-358)/10. Let o = q - -21. Let v(t) = -3*t + 19. List the prime factors of v(o).
2
Let q = 40 - 56. Let v(w) = w**2 + 5*w - 21. Let y be v(-12). What are the prime factors of 8/q*-2*y?
3, 7
Let h = 80 - -569. What are the prime factors of h?
11, 59
Let n(h) = -2*h**3 - 8*h**2 - h + 17. What are the prime factors of n(-7)?
2, 3, 53
Let v = 26 + -26. Suppose v = -0*f + f + 47. Let c = 88 + f. List the prime factors of c.
41
Let u = -156 + 77. Let z = -56 - u. List the prime factors of z.
23
Let f = 3 - 5. Let t(p) = p. Let v be t(f). What are the prime factors of (v/3)/((-2)/66)?
2, 11
Let w(t) = -t - 3. Let p be w(3). Let r be ((-8)/p)/(12/(-702)). Let y = -46 - r. What are the prime factors of y?
2
Let h(o) = -97*o**3 + 2*o**2 + 3*o + 1. Suppose -5*m = w + 26, -w - 3*w - 3*m - 19 = 0. List the prime factors of h(w).
97
Let u(b) = 64*b + 47. What are the prime factors of u(5)?
367
Suppose 3*y + 408 = 3*f, -5*f = -2*y - y - 418. Let a = -21 - y. What are the prime factors of a?
2, 5, 11
Suppose 100*j - 88*j - 12264 = 0. What are the prime factors of j?
2, 7, 73
Suppose -3*u - 5*c = 3 - 16, 5*u - 32 = 2*c. Let r be 160/(-15)*(-9)/u. Let w = r + 2. What are the prime factors of w?
2, 3
Let r(o) = o - 6. Let l be r(8). Suppose 4*a = 2*n + 118, n + 34 = a + l*n. Suppose -u - a - 9 = -2*p, 5*p - 100 = -2*u. List the prime factors of p.
2, 5
Suppose 6859 = 9*s - 2321. What are the prime factors of s?
2, 3, 5, 17
Let w = -147 - -147. Suppose -3*h + 97 = v + h, v - 4*h - 129 = w. What are the prime factors of v?
113
Let u(l) be the third derivative of 0*l**4 + 0 + 1/6*l**3 - 1/120*l**6 + 0*l - 1/15*l**5 + 5*l**2. List the prime factors of u(-5).
2, 13
Let a(w) = w**2 + 3*w + 4. Let x be a(-7). List the prime factors of 2952/x - (-2)/(-8).
2, 23
Suppose -5*n = -3*a - 5, -5*n - 2*a = -43 + 13. List the prime factors of 3/n + 4752/64.
3, 5
Suppose 0 = -2*f + 4*f - 6. Suppose -5*d - f*v + 90 = 0, -45 = -4*d + 2*v + v. Suppose -11*k = -d*k + 136. List the prime factors of k.
2, 17
Let a(x) = 252*x - 63. List the prime factors of a(13).
3, 7, 17
List the prime factors of (-4 - -6 - 5 - 0)*-126.
2, 3, 7
Let k = -418 - -703. List the prime factors of k.
3, 5, 19
Suppose 1907 = 3*s - 6*s + 5*y, s + 636 = 2*y. Let o be 6/8 - s/8. Suppose -7*v = -3*v - o. List the prime factors of v.
2, 5
Suppose 3339 = 4*d + 5*d. What are the prime factors of d?
7, 53
Let y(i) = 56*i**2 + 7*i. What are the prime factors of y(3)?
3, 5, 7
Suppose 2*m = 1 - 7, 0 = 4*v + 5*m - 969. List the prime factors of v.
2, 3, 41
Suppose 12 = -3*g, 4*g + 268 = 5*a + 22. Let r be (-1 + 3 - 3)*a. Let l = r - -99. What are the prime factors of l?
53
Let l(m) = -45*m - 1. What are the prime factors of l(-25)?
2, 281
Suppose 2*p - 2*a - 832 = 0, -3*p + p + 832 = -a. Suppose -z + p = 3*z. What are the prime factors of z?
2, 13
Let n be (-348)/22 - (-4)/(-22). Let x = 2 - n. What are the prime factors of 244/6 + (-12)/x?
2, 5
Suppose 0*f - 18 = -f. Suppose -v + f = 3*q, 2*q - 2*v = -2*q + 14. Suppose k - b - 25 = -q*b, 2*b - 8 = 0. What are the prime factors of k?
3
Let w = -325 - -502. Let h = -89 + w. What are the prime factors of h?
2, 11
Let a be 6 + -4 + -1 + -1. Suppose a*x = -3*x + 12. Suppose 4*s - 4*v - 18 = 18, x*v = 2*s - 14. What are the prime factors of s?
11
Let z(k) = -k**2 - 21*k - 36. Let h be z(-19). Suppose -h*t = -4*q + 488, -2*t + 244 = 2*q + t. List the prime factors of q.
2, 61
Suppose 4*w - 6507 - 4509 = -9*s, 4 = s. List the prime factors of w.
3, 5, 61
Let f(n) = -3*n**3 - 5*n**2 - 16*n - 13. List the prime factors of f(-6).
19, 29
Let i(h) = -h**3 + 2*h**2 + 7*h - 10. Let n be i(3). Suppose -q - p + 70 = -0*q, -210 = -3*q + n*p. What are the prime factors of q?
2, 5, 7
Let h(n) = 7 + 3 - 4*n - 3 + 7*n. Let c be ((-2)/6)/(7/(-126)). List the prime factors of h(c).
5
Let q = -8 + 20. Suppose 0 = q*a - 9*a - 111. Let y = a - 10. List the prime factors of y.
3
Let q(i) = -3*i**3 - 6*i**2 + 3*i. Let y be q(-6). Suppose -y = -3*r - 6*r. What are the prime factors of r?
2, 23
Suppose -3*n = -6*n + 36. Let q = n - 6. Suppose -47 = -q*x + 49. List the prime factors of x.
2
Let q(j) = 26*j**2 - 5*j - 5. Let t(o) = o**3 + o**2 - 2. Let r be t(0). List the prime factors of q(r).
109
Let w(b) = b**3 + 2*b**2 - 6*b + 1351. List the prime factors of w(0).
7, 193
Let w(i) = -32*i - 1. Let a be w(-1). Suppose 0 = 2*s - a - 63. Let m = 8 + s. List the prime factors of m.
5, 11
Suppose 0 = -2*p + 21*c - 20*c + 3407, 4*c = 5*p - 8516. What are the prime factors of p?
2, 3, 71
Let k(d) = d**2 - 6*d - 27. Let i be k(9). Suppose i = o - 6*o + 40. What are the prime factors of o?
2
Suppose 6237 = 3*m - 3*n, -8*n + 6*n = -4*m + 8322. What are the prime factors of m?
2, 3, 347
Let d be (1*-2)/(21 + -22). What are the prime factors of (d*5/(-30))/(1/(-33))?
11
Let c(j) = 44*j**2 - 11*j - 20. What are the prime factors of c(-3)?
409
Let l(a) = -a + 7. Let n be l(5). Suppose 0 = -7*s + 8 + 6. Suppose -106 = -3*r - n*r - m, -3*r = -s*m - 74. What are the prime factors of r?
2, 11
Suppose b + 74 = 5*t + 297, 3*t - 5*b + 147 = 0. Let d = t + 157. What are the prime factors of d?
113
Let o(q) = -q**2 + 32. Let k be (-12)/4 - (-3)/1. Let b be o(k). List the prime factors of b - (2 - 4)/(-1).
2, 3, 5
Let l(r) = 222*r + 16. Let k be l(5). List the prime factors of 3/(-5) + k/10 + -1.
3, 37
Let j(n) = 10*n - 59. Let h be j(20). Let u = 216 - h. List the prime factors of u.
3, 5
Let m = 11 + 18. Let f(w) = -2*w**2 - 4*w + 2. Let p be f(-4). Let k = m + p. List the prime factors of k.
3, 5
Let y be 6/18 - (-10)/6. Suppose 12 = 3*k - 5*w, -w - 7 = y*k + 2*k. What are the prime factors of (-1)/k*1*3?
3
Let i(h) = -h**3 + 19*h**2 +